{"id":200,"date":"2024-01-22T21:17:29","date_gmt":"2024-01-22T21:17:29","guid":{"rendered":"https:\/\/art-in-society.ffzg.unizg.hr\/?page_id=200"},"modified":"2024-01-26T20:29:17","modified_gmt":"2024-01-26T20:29:17","slug":"24-patricia-pocanic","status":"publish","type":"page","link":"https:\/\/art-in-society.ffzg.unizg.hr\/?page_id=200","title":{"rendered":"Patricia Po\u010dani\u0107"},"content":{"rendered":"\n<p><\/p>\n\n\n\n<p><\/p>\n\n\n\n<div class=\"wp-block-columns is-layout-flex wp-container-core-columns-is-layout-d39e70f1 wp-block-columns-is-layout-flex\" style=\"margin-top:0;margin-bottom:0;padding-top:0;padding-bottom:0\">\n<div class=\"wp-block-column is-layout-flow wp-block-column-is-layout-flow\" style=\"padding-top:var(--wp--preset--spacing--30);padding-bottom:var(--wp--preset--spacing--30);flex-basis:33.33%\">\n<figure class=\"wp-block-image aligncenter size-large is-resized has-custom-border\"><img loading=\"lazy\" decoding=\"async\" width=\"768\" height=\"1024\" src=\"https:\/\/art-in-society.ffzg.unizg.hr\/wp-content\/uploads\/2024\/01\/Patricia_Portret-6-768x1024.jpg\" alt=\"\" class=\"wp-image-965\" style=\"border-radius:5px;width:250px\" srcset=\"https:\/\/art-in-society.ffzg.unizg.hr\/wp-content\/uploads\/2024\/01\/Patricia_Portret-6-768x1024.jpg 768w, https:\/\/art-in-society.ffzg.unizg.hr\/wp-content\/uploads\/2024\/01\/Patricia_Portret-6-225x300.jpg 225w, https:\/\/art-in-society.ffzg.unizg.hr\/wp-content\/uploads\/2024\/01\/Patricia_Portret-6-1152x1536.jpg 1152w, https:\/\/art-in-society.ffzg.unizg.hr\/wp-content\/uploads\/2024\/01\/Patricia_Portret-6-1536x2048.jpg 1536w, https:\/\/art-in-society.ffzg.unizg.hr\/wp-content\/uploads\/2024\/01\/Patricia_Portret-6-scaled.jpg 1920w\" sizes=\"auto, (max-width: 768px) 100vw, 768px\" \/><\/figure>\n<\/div>\n\n\n\n<div class=\"wp-block-column is-layout-flow wp-block-column-is-layout-flow\" style=\"padding-top:var(--wp--preset--spacing--30);padding-bottom:var(--wp--preset--spacing--30);flex-basis:66.7%\">\n<p><\/p>\n\n\n\n<h2 class=\"wp-block-heading\" style=\"font-size:clamp(0.984rem, 0.984rem + ((1vw - 0.2rem) * 0.938), 1.5rem);\">Patricia Po\u010dani\u0107<\/h2>\n\n\n\n<p><\/p>\n\n\n\n<p style=\"margin-top:0;margin-right:0;margin-bottom:0;margin-left:0;font-size:clamp(0.875rem, 0.875rem + ((1vw - 0.2rem) * 0.318), 1.05rem);\">PhD student, junior research assistant<a href=\"https:\/\/unios.academia.edu\/JasminkaNajcerSabljak\" data-type=\"link\" data-id=\"https:\/\/unios.academia.edu\/JasminkaNajcerSabljak\" target=\"_blank\" rel=\"noreferrer noopener\"><br><\/a><a href=\"https:\/\/povum.ffzg.unizg.hr\/?p=9702\" target=\"_blank\" rel=\"noreferrer noopener\">Department of Art History<\/a>, Faculty of Humanities and Social Sciences, University of Zagreb<br><br><a href=\"mailto:ppocanic@ffzg.unizg.hr\">ppocanic@ffzg.unizg.hr<\/a><\/p>\n\n\n\n<p><\/p>\n\n\n\n<p><\/p>\n\n\n\n<div class=\"wp-block-buttons is-layout-flex wp-block-buttons-is-layout-flex\">\n<div class=\"wp-block-button has-custom-font-size has-small-font-size\"><a class=\"wp-block-button__link has-contrast-color has-accent-5-background-color has-text-color has-background has-link-color wp-element-button\" href=\"https:\/\/www.croris.hr\/osobe\/profil\/35433\" style=\"border-radius:5px\" target=\"_blank\" rel=\"noreferrer noopener\"><strong>Bibliography<\/strong><\/a><\/div>\n\n\n\n<div class=\"wp-block-button has-custom-font-size has-small-font-size\"><a class=\"wp-block-button__link has-contrast-color has-text-color has-background has-link-color wp-element-button\" href=\"https:\/\/ffzg.academia.edu\/PatriciaPo%C4%8Dani%C4%87\" style=\"border-radius:5px;background-color:#e8ed7f\" target=\"_blank\" rel=\"noreferrer noopener\"><strong>Academia.edu<\/strong><\/a><\/div>\n<\/div>\n<\/div>\n<\/div>\n\n\n\n<p>Patricia Po\u010dani\u0107 (b. 1991) earned a master&#8217;s degree in art history and comparative literature at the Faculty of Arts, University of Zagreb (2016), where she is enrolled in a Postgraduate Doctoral Study in Art History. In Venice she interned at the Peggy Guggenheim Collection and at the American Pavilion at the <em>15th Architecture Biennale<\/em> (2016). From 2013, she regularly collaborates with Open University Pore\u010d as a professional associate at the Zuccato Gallery. During 2017 and 2018 she was employed by the Croatian Association of Fine Artists of Applied Arts (ULUPUH). <\/p>\n\n\n\n<p>Since 2019, she has been employed as a research and teaching assistant at the Chair of Modern Art and Visual Communication, Art History Department, Faculty of Humanities and Social Sciences, University of Zagreb. Since then, she was a collaborator on the institutional projects <em>Hrvatska likovna ba\u0161tina od baroka do postmoderne \u2013 umjetni\u010dke veze, import umjetnina, zbirke<\/em> (<em>Croatian Artistic Heritage from the Baroque to the Postmodern &#8211; Artistic Connections, Import of Artworks, Collections<\/em>, 2019\/2020, project leader: Prof. Dragan Damjanovi\u0107, Ph.D.), Hrvatska likovna ba\u0161tina od baroka do suvremenosti \u2013 umjetni\u010dke veze, provenijencija umjetnina, konteksti (<em>Croatian Artistic Heritage from the Baroque to the Postmodern &#8211; Artistic Connections, Provenance, Contexts<\/em>,2020\/2021, project leader: Prof. Dragan Damjanovi\u0107, Ph.D.), <em>Oblikovanje (post)modernog \u017eivota<\/em> (<em>Shaping (Post)modern Life<\/em>, 2021\/2022, project leader: Prof. Dragan Damjanovi\u0107, Ph.D.), <em>Oblikovanje (post)modernog \u017eivota (II.): \u0161kole i \u0161kolovanja<\/em> (<em>Shaping (Post)modern Life (II): Schools and Education<\/em>, 2023, project leader: Prof. Dragan Damjanovi\u0107, Ph.D.) and project of the Croatian Science Foundation &#8211; <a href=\"https:\/\/ascep.ffzg.unizg.hr\/\" target=\"_blank\" rel=\"noreferrer noopener\"><em>Art and the State in Croatia from the Enlightenment to the Present<\/em><\/a><em>,<\/em> (project leader: Prof. Dragan Damjanovi\u0107, Ph.D.).<\/p>\n\n\n\n<p>She is the author of several research papers, a series of forewords and exhibition catalogues, and has curated exhibitions on contemporary art and the history of design. As one of the organizers, Patricia participated in the following conferences: <em>3rd International Congress of Art History Students<\/em> (2014), Znanstveni skup s me\u0111unarodnim sudjelovanjem<em> Vladan Desnica i Zagreb, 1924. \u2013 1930. i 1945. \u2013 1967.<\/em> (Scientific conference with international participation <em>Vladan Desnica and Zagreb, 1924 &#8211; 1930 and 1945 \u2013 1967<\/em>, 2019), <em>Art and the State in Modern Central Europe (18th \u2013 21st Century)<\/em> (2021), <em>Tomislav Krizman i njegov doprinos hrvatskoj kulturi i umjetnosti. Znanstveno-stru\u010dni skup povodom 140. godi\u0161njice ro\u0111enja Tomislava Krizmana (1882. \u2013 1955.)<\/em> (<em>Tomislav Krizman and his Contribution to Croatian culture and Art. Scientific and professional gathering on the occasion of the 140th anniversary of the birth of Tomislav Krizman (1882 \u2013 1955)<\/em>, 2022).<\/p>\n\n\n\n<p>She is actively engaged in professional associations, and she is a member of the Croatian Section AICA (HS AICA), the Study Section of ULUPUH, Croatian Society of Art Historians (DPUH) and Editorial Committee of the Croatian Architects&#8217; Association (UHA). During her studies, she participated in the <em>Wikipedia Project of Art History Students<\/em> that was awarded the Special Rector\u2019s Award at the University of Zagreb (2013\/2014), she was awarded with the Award for Excellence in Graduate Study of the Faculty of Humanities and Social Sciences in Zagreb (2016) and along with collaborators on the project, she is the winner of the award for the best publishing project of ULUPUH (2020). The area of her research interest is related to the art of the second half of the 20th century, state acquisitions and commissions of works of art for the interiors of public buildings, and interventionist art practices in the public space of the 1970s and 1980s.<\/p>\n","protected":false},"excerpt":{"rendered":"<p>Patricia Po\u010dani\u0107 PhD student, junior research assistantDepartment of Art History, Faculty of Humanities and Social Sciences, University of Zagreb ppocanic@ffzg.unizg.hr Patricia Po\u010dani\u0107 (b. 1991) earned a master&#8217;s degree in art history and comparative literature at the Faculty of Arts, University of Zagreb (2016), where she is enrolled in a Postgraduate Doctoral Study in Art History. [&hellip;]<\/p>\n","protected":false},"author":1,"featured_media":0,"parent":0,"menu_order":0,"comment_status":"closed","ping_status":"closed","template":"page-no-title","meta":{"footnotes":""},"class_list":["post-200","page","type-page","status-publish","hentry"],"jetpack_sharing_enabled":true,"_links":{"self":[{"href":"https:\/\/art-in-society.ffzg.unizg.hr\/index.php?rest_route=\/wp\/v2\/pages\/200","targetHints":{"allow":["GET"]}}],"collection":[{"href":"https:\/\/art-in-society.ffzg.unizg.hr\/index.php?rest_route=\/wp\/v2\/pages"}],"about":[{"href":"https:\/\/art-in-society.ffzg.unizg.hr\/index.php?rest_route=\/wp\/v2\/types\/page"}],"author":[{"embeddable":true,"href":"https:\/\/art-in-society.ffzg.unizg.hr\/index.php?rest_route=\/wp\/v2\/users\/1"}],"replies":[{"embeddable":true,"href":"https:\/\/art-in-society.ffzg.unizg.hr\/index.php?rest_route=%2Fwp%2Fv2%2Fcomments&post=200"}],"version-history":[{"count":44,"href":"https:\/\/art-in-society.ffzg.unizg.hr\/index.php?rest_route=\/wp\/v2\/pages\/200\/revisions"}],"predecessor-version":[{"id":2235,"href":"https:\/\/art-in-society.ffzg.unizg.hr\/index.php?rest_route=\/wp\/v2\/pages\/200\/revisions\/2235"}],"wp:attachment":[{"href":"https:\/\/art-in-society.ffzg.unizg.hr\/index.php?rest_route=%2Fwp%2Fv2%2Fmedia&parent=200"}],"curies":[{"name":"wp","href":"https:\/\/api.w.org\/{rel}","templated":true}]}}