{"id":53,"date":"2024-01-22T21:17:14","date_gmt":"2024-01-22T21:17:14","guid":{"rendered":"https:\/\/art-in-society.ffzg.unizg.hr\/?page_id=53"},"modified":"2024-09-21T11:01:09","modified_gmt":"2024-09-21T11:01:09","slug":"jasminka-najcer-sabljak","status":"publish","type":"page","link":"https:\/\/art-in-society.ffzg.unizg.hr\/?page_id=53","title":{"rendered":"Jasminka Najcer Sabljak"},"content":{"rendered":"\n<p><\/p>\n\n\n\n<div class=\"wp-block-group has-global-padding is-layout-constrained wp-block-group-is-layout-constrained\">\n<div class=\"wp-block-columns is-layout-flex wp-container-core-columns-is-layout-28f84493 wp-block-columns-is-layout-flex\">\n<div class=\"wp-block-column is-layout-flow wp-block-column-is-layout-flow\" style=\"padding-top:var(--wp--preset--spacing--30);padding-bottom:var(--wp--preset--spacing--30);flex-basis:33.3%\">\n<figure class=\"wp-block-image aligncenter size-full is-resized has-custom-border\"><img loading=\"lazy\" decoding=\"async\" width=\"442\" height=\"384\" src=\"https:\/\/art-in-society.ffzg.unizg.hr\/wp-content\/uploads\/2024\/09\/JNS_ARTinS-1.jpeg\" alt=\"\" class=\"wp-image-2570\" style=\"border-radius:10px;width:328px;height:auto\" srcset=\"https:\/\/art-in-society.ffzg.unizg.hr\/wp-content\/uploads\/2024\/09\/JNS_ARTinS-1.jpeg 442w, https:\/\/art-in-society.ffzg.unizg.hr\/wp-content\/uploads\/2024\/09\/JNS_ARTinS-1-300x261.jpeg 300w\" sizes=\"auto, (max-width: 442px) 100vw, 442px\" \/><\/figure>\n<\/div>\n\n\n\n<div class=\"wp-block-column has-medium-font-size is-layout-flow wp-block-column-is-layout-flow\" style=\"padding-top:var(--wp--preset--spacing--30);padding-bottom:var(--wp--preset--spacing--30);flex-basis:66.6%\">\n<p><\/p>\n\n\n\n<h2 class=\"wp-block-heading\" style=\"font-size:clamp(0.984rem, 0.984rem + ((1vw - 0.2rem) * 0.938), 1.5rem);\">Jasminka Najcer Sabljak<\/h2>\n\n\n\n<p><\/p>\n\n\n\n<p class=\"has-medium-font-size\" style=\"margin-top:0;margin-right:0;margin-bottom:0;margin-left:0\">PhD, associate professor<a href=\"https:\/\/unios.academia.edu\/JasminkaNajcerSabljak\" data-type=\"link\" data-id=\"https:\/\/unios.academia.edu\/JasminkaNajcerSabljak\" target=\"_blank\" rel=\"noreferrer noopener\"><br>The Academy of Arts and Culture in Osijek<\/a><\/p>\n\n\n\n<p><\/p>\n\n\n\n<p class=\"has-medium-font-size\" style=\"margin-top:0;margin-right:0;margin-bottom:0;margin-left:0\"><br><a href=\"mailto:jasminka.najcer@gmail.com\">jasminka.najcer@gmail.com<\/a><\/p>\n\n\n\n<div class=\"wp-block-buttons is-layout-flex wp-block-buttons-is-layout-flex\">\n<div class=\"wp-block-button\"><a class=\"wp-block-button__link has-contrast-color has-accent-5-background-color has-text-color has-background has-link-color wp-element-button\" href=\"https:\/\/www.croris.hr\/crosbi\/searchByContext\/2\/30618\" target=\"_blank\" rel=\"noreferrer noopener\"><strong>Bibliography<\/strong><\/a><\/div>\n\n\n\n<div class=\"wp-block-button\"><a class=\"wp-block-button__link has-contrast-color has-text-color has-background has-link-color wp-element-button\" href=\"https:\/\/unios.academia.edu\/JasminkaNajcerSabljak\" style=\"background-color:#e8ea7e\" target=\"_blank\" rel=\"noreferrer noopener\"><strong>Academia.edu<\/strong><\/a><\/div>\n<\/div>\n<\/div>\n<\/div>\n<\/div>\n\n\n\n<p style=\"margin-top:0;margin-right:0;margin-bottom:0;margin-left:0\">Jasminka Najcer Sabljak graduated with a degree in art history and history, a master&#8217;s degree and a doctorate at the Faculty of Philosophy of the University of Zagreb.<\/p>\n\n\n\n<p><\/p>\n\n\n\n<p style=\"margin-top:0;margin-right:0;margin-bottom:0;margin-left:0\">At the Academy of Arts and Culture in Osijek, she teaches art history courses at undergraduate and graduate studies and at the specialist postgraduate study of Art Therapy, and holds the position of Vice-Dean for Science and Projects. She worked at the Museum of Fine Arts in Osijek as a senior curator and head of the 18th and 19th century painting, drawing and graphic collections, and she conceived and managed numerous exhibitions and events.<\/p>\n\n\n\n<p><\/p>\n\n\n\n<p style=\"margin-top:0;margin-right:0;margin-bottom:0;margin-left:0\">Scientific and professional activities are focused on the cultural heritage of Slavonia, Baranja and Srijem from the 17th to the middle of the 20th century and on its valorization in the national and Central European context, especially by researching the provenance and history of art collections and collecting, acquisition of art from domestic and foreign noble families, in the period from the 18th to the middle of the 20th century. She has published a number of scientific and professional works, exhibition catalogs and books.<\/p>\n\n\n\n<p><\/p>\n\n\n\n<p style=\"margin-top:0;margin-right:0;margin-bottom:0;margin-left:0\">She is the editor of monographs and exhibition catalogs. She participated in lectures or presentations at numerous scientific or professional symposia, congresses or gatherings in the country and abroad. She has also published a number of review and professional articles in specialized magazines to popularize the profession, as well as a number of forewords in exhibition catalogs. She is a reviewer of several books and scientific and professional articles in scientific magazines and anthologies (Peristil, Osje\u010dki zbornik, Scrinia Slavonica, etc.)<\/p>\n\n\n\n<p style=\"margin-top:0;margin-right:0;margin-bottom:0;margin-left:0\">At the same time, she popularizes the profession of art history through exhibition projects and permanent exhibitions on which she collaborated with numerous Croatian and foreign museums: Klovi\u0107evi dvori Gallery, Art Pavilion in Zagreb, Museum of Valpov\u0161tina Valpovo, Museum of the City of Ilok, City Museum of Vukovar, Local Museum of Na\u0161ice, Soproni M\u00fazeum Soprono (Republic of Hungary), International Graphic Center, Ljubljana (Republic of Slovenia), Native Museum of Rum, Matica Srpska Gallery in Novi Sad, National Museum in Belgrade (Republic of Serbia), National Museum Sofia, (Republic of Bulgaria), etc.<\/p>\n\n\n\n<p><\/p>\n\n\n\n<p style=\"margin-top:0;margin-right:0;margin-bottom:0;margin-left:0\">She is the winner of the Annual Award of Osijek-Baranja County for Culture, the &#8220;Radovan Ivan\u010devi\u0107&#8221; Charter of the Society of Art Historians of Croatia for the improvement and promotion of art history, and the Annual Award of the Croatian Museum Society for co-authorship in the research and exhibition project Art Heritage of the Peja\u010devi\u0107 Family (2014). She trained in Dresden, Graz, Madrid, London, where she won the Royal Collection Studies scholarship in 2019. She is a mentor in the Committee for taking professional exams in the museum profession at the MDC in Zagreb. She was a member of the Executive Board, and now she is a member of the HMD Supervisory Board, a member of the DPUH.<\/p>\n\n\n\n<p><\/p>\n\n\n\n<p style=\"margin-top:0;margin-right:0;margin-bottom:0;margin-left:0\">She was a collaborator on HRZZ projects: <em>Croatia and Central Europe: Art and Politics in the Modern Period (1780-1945)<\/em> from 2013 to 2017, then <em>Art and the State in Croatia from the Enlightenment to Today from 2018 to 2022.<\/em> She is a collaborator on the project <em>Representation, development, education, participation &#8211; art in society from the 19th to the 21st century<\/em>, from 2023 to 2027.<\/p>\n","protected":false},"excerpt":{"rendered":"<p>Jasminka Najcer Sabljak PhD, associate professorThe Academy of Arts and Culture in Osijek jasminka.najcer@gmail.com Jasminka Najcer Sabljak graduated with a degree in art history and history, a master&#8217;s degree and a doctorate at the Faculty of Philosophy of the University of Zagreb. At the Academy of Arts and Culture in Osijek, she teaches art history [&hellip;]<\/p>\n","protected":false},"author":1,"featured_media":0,"parent":0,"menu_order":0,"comment_status":"closed","ping_status":"closed","template":"page-no-title","meta":{"footnotes":""},"class_list":["post-53","page","type-page","status-publish","hentry"],"jetpack_sharing_enabled":true,"_links":{"self":[{"href":"https:\/\/art-in-society.ffzg.unizg.hr\/index.php?rest_route=\/wp\/v2\/pages\/53","targetHints":{"allow":["GET"]}}],"collection":[{"href":"https:\/\/art-in-society.ffzg.unizg.hr\/index.php?rest_route=\/wp\/v2\/pages"}],"about":[{"href":"https:\/\/art-in-society.ffzg.unizg.hr\/index.php?rest_route=\/wp\/v2\/types\/page"}],"author":[{"embeddable":true,"href":"https:\/\/art-in-society.ffzg.unizg.hr\/index.php?rest_route=\/wp\/v2\/users\/1"}],"replies":[{"embeddable":true,"href":"https:\/\/art-in-society.ffzg.unizg.hr\/index.php?rest_route=%2Fwp%2Fv2%2Fcomments&post=53"}],"version-history":[{"count":42,"href":"https:\/\/art-in-society.ffzg.unizg.hr\/index.php?rest_route=\/wp\/v2\/pages\/53\/revisions"}],"predecessor-version":[{"id":2573,"href":"https:\/\/art-in-society.ffzg.unizg.hr\/index.php?rest_route=\/wp\/v2\/pages\/53\/revisions\/2573"}],"wp:attachment":[{"href":"https:\/\/art-in-society.ffzg.unizg.hr\/index.php?rest_route=%2Fwp%2Fv2%2Fmedia&parent=53"}],"curies":[{"name":"wp","href":"https:\/\/api.w.org\/{rel}","templated":true}]}}